 by 21.
18
Let q be ((-8)/2)/(3/6 + -1). Let p be ((-1600)/(-6))/q - 2/6. Calculate the remainder when 11/p + (-215)/(-3) is divided by 15.
12
What is the remainder when ((-10)/(-30) + 13/(-12))/(6/(-12856)) is divided by 23?
20
Suppose 4*j - 315 = -j. Suppose j + 32 = g. Calculate the remainder when g is divided by 4 - ((3 - 0) + -23).
23
Suppose -386 = -5*x - i, 152*x - 157*x - 4*i + 374 = 0. What is the remainder when 778 is divided by x?
76
Suppose 4*l - 5*r = -12, -5*l - 2*r = 3*r - 30. Let n be ((-18)/(-10))/(l*(-7)/(-70)). Suppose n*i - 624 = -39. What is the remainder when i is divided by 22?
21
Let f(r) = r**3 - 8*r**2 - 9*r - 3. Let b be f(9). Let m be 0/(2 - 3 - b). Suppose m = -2*s + 80 + 48. Calculate the remainder when s is divided by 22.
20
Suppose 53*n + 1573 = 4*o + 52*n, -15 = -5*n. Suppose -7*l = 114 - o. Calculate the remainder when 156 is divided by l.
36
Suppose -2*t - 5*u + 28 - 3 = 0, -5*t = -4*u + 20. Suppose 3*n + 95 - 278 = t. Calculate the remainder when 424 is divided by n.
58
Let o = -291 - -61. Let w = -222 - o. What is the remainder when w is divided by 3?
2
Let g = 1183 - 598. What is the remainder when g is divided by 84?
81
Let i = 3664 + -3642. Calculate the remainder when 286 is divided by i.
0
Calculate the remainder when 163 is divided by (2/(-15 + (-2723)/(-182)))/(2/(-5)).
33
Let a(i) be the second derivative of 23*i**3/2 + i**2/2 - 33*i. Suppose -39 = -2*o - d, 0 = 5*d - 0 - 5. Calculate the remainder when a(1) is divided by o.
13
Suppose -25*u + 3*x = -24*u - 23, -5*x - 29 = -u. Calculate the remainder when 447 is divided by u.
13
Let i be (-8)/(-20) - 3*(-44)/(-30). Let s = -39 + 55. What is the remainder when s is divided by (-2 - 2)*3*2/i?
4
What is the remainder when 295 is divided by ((-6)/9 + -1 + -135)/((-106)/159)?
90
Suppose 25661*x - 7797 - 12063 = 24337*x. Let n be 1 - 49 - 4/(-2). Let t = n + 163. What is the remainder when t is divided by x?
12
Suppose -3*u + 2*c + 96 + 351 = 0, -u + 165 = 2*c. What is the remainder when 586 is divided by u?
127
Suppose -10*d - 3504 = -58*d. Suppose -y - 190 = -331. Calculate the remainder when y is divided by d.
68
Let m = -2 + 3. Let a be 15 + -6 + (-4)/m. Suppose -5 + 41 = 4*i - 4*n, -a*n = 10. Calculate the remainder when 23 is divided by i.
2
Suppose -266*x + 1168 = 207*x + 111*x. Let m = 119 + -60. Calculate the remainder when m is divided by x.
1
Suppose -4*c - 5 = c + 5*p, -2*c = -5*p - 26. Suppose 5*k = 2*d - 82, c*k = -3*d + 99 - 18. Calculate the remainder when d is divided by 12.
7
Let f(w) = -w**2. Let n(y) = -3*y**2 + 8*y - 4. Suppose -5*z - 2 = -22. Let t(g) = z*f(g) - n(g). What is the remainder when 36 is divided by t(-7)?
3
Let h(o) = 2*o**2 - 5*o - 99. Calculate the remainder when 809 is divided by h(17).
21
Let w = 57 + -54. Let u(d) = 2*d - 35 - 26*d**2 + 4*d**3 - 3*d**w + 3*d**2. What is the remainder when 31 is divided by u(23)?
9
Let m be ((-6)/3)/((-23)/(-3220)). Let f = m - -283. Calculate the remainder when 6 is divided by f.
0
Suppose -2*n = 2*n - 4*i - 236, i - 261 = -4*n. Let g = -26595 - -26602. What is the remainder when n is divided by g?
1
Suppose 2*b - 65*y + 69*y - 134 = 0, 0 = -3*y - 21. Calculate the remainder when 10448 is divided by b.
80
Let k = -47 - -36. Let d = k - -170. Suppose 0 = -10*r + 13*r - d. Calculate the remainder when r is divided by 20.
13
Let n be (-1714)/(-14) - 12/(-21). Let w = 134 - n. Suppose 2*m + 2*m = 20, -4*a = 5*m - 105. What is the remainder when a is divided by w?
9
What is the remainder when 72/288 - 1499/(-4) is divided by 111?
42
Let n = 2272 - 1638. What is the remainder when n is divided by 608?
26
Suppose -19*p - 88 = -3*k + 203, 0 = 3*k + 3*p - 357. Calculate the remainder when k is divided by 44.
28
Let h(i) be the third derivative of i**5/6 - i**4/8 - 11*i**3/6 - 25*i**2 + 6. What is the remainder when 172 is divided by h(-2)?
32
Let a(k) = -k**3 + 3*k**2 + k + 3. Let n be a(3). Suppose -n = -v - 4. Suppose -v*w = -2*o - 138, o = -5 + 1. What is the remainder when w is divided by 6?
5
Suppose -67*y = -65*y + 264. Calculate the remainder when (2/4)/(6 + 781/y) is divided by 3.
0
Suppose -146420 + 1221870 = 387*l - 113*l. What is the remainder when l is divided by 26?
25
Let i(k) = -3*k - 60. Let v be i(-20). Suppose -w - 6 = -3*w. Calculate the remainder when w is divided by -1*(3 - v) - -6.
0
Calculate the remainder when 2010 is divided by (35/(-25) - (-1560)/25)/1.
58
Let k be -596*(4/(-10))/((-12)/(-15)). Let w = k - 291. What is the remainder when 153 is divided by w?
6
What is the remainder when 265 is divided by 47 + 102/(-68) + 9/12*-6?
19
Let n = 8903 - 7961. Calculate the remainder when 952 is divided by n.
10
Let t(i) = 49 - 17*i - 8*i + 16*i. Calculate the remainder when 67 is divided by t(5).
3
Let w be 2/(-3*(-3)/18). Suppose -r + 10 = r + v, -w*r + 22 = 3*v. What is the remainder when 3*3/2*2060/618 is divided by r?
3
Let x(t) = -t + 8005. What is the remainder when x(-120) is divided by 34?
33
Suppose -42 + 8 = 2*b. Let l = b - -26. Calculate the remainder when l is divided by (-1 + 1*-11)*13/(-39).
1
Let w(h) = -2*h**2 + 120*h + 41. What is the remainder when 543 is divided by w(0)?
10
Calculate the remainder when (722/(-95))/(((-168)/820)/(-7))*-3 is divided by 23.
20
Suppose 6*y - 53 - 79 = 0. Suppose 55 = -2*z - 3*z. Let j = z + y. What is the remainder when 21 is divided by j?
10
Let h = -12259 - -12504. What is the remainder when h is divided by 27?
2
Let s be (110/15)/11 - 1020/(-9). Let m = s - 11. What is the remainder when m is divided by 37?
29
Let j = -11088 + 11671. Calculate the remainder when j is divided by 187.
22
Let r(s) = 3*s - 343. Calculate the remainder when 116 is divided by r(126).
11
Let o = 7571 - 7541. Calculate the remainder when 330 is divided by o.
0
Suppose 0 = -8*x + 7*x + 199. Suppose -x = -7*p + 88. What is the remainder when p is divided by 7?
6
Let m(f) = -44*f**2 + f + 1. Let i be m(-1). Let y = i - -62. What is the remainder when (-5056)/(-237)*(-18)/(-8) is divided by y?
12
Suppose 2 = 4*i - 42. Suppose 4*c = i + 169. Let v(u) = 4*u**2 - 9*u - 8. What is the remainder when v(8) is divided by c?
41
Suppose 0 = 3*o - 22 - 23. Suppose 4*k - 200 = -4*l, 226 = 5*k - 9*l + 8*l. Let c = k - o. What is the remainder when 61 is divided by c?
30
Suppose 2*c - 138 = 5*d, -3*d + 1048 - 642 = 4*c. Calculate the remainder when c is divided by 4/(-14) + (-116)/(-14).
6
Suppose 2*m - 34 + 248 = -j, 15 = 5*m. Let y = j - -239. What is the remainder when 105 is divided by y?
10
Let q be 7*((-385)/(-49) + -5). Calculate the remainder when (-8 - 1404/(-45))*q is divided by 93.
92
Let n be -1 - (-3 - 18/(-3) - 87). Let j = n + -73. Calculate the remainder when 633/33 - (-4)/(-22) is divided by j.
9
Let h = -85 + 344. Let w = h - 166. Calculate the remainder when w is divided by 33.
27
Let s = 134 - 5. Suppose 205 = 4*x + 5*m - 62, -4*x + 2*m = -274. Calculate the remainder when s is divided by x.
61
Let s(m) = m**2 - 39*m + 303. Let l = 0 + 4. Suppose -11 - 13 = -l*i. Calculate the remainder when s(30) is divided by i.
3
Let r be 7*(-4 + 3) - -5. Let t = 22 - 9. Calculate the remainder when (-306)/r*(20/6 + -3) is divided by t.
12
Let b = 99 - 57. Let f = -30 + -9. Let v = f + 53. What is the remainder when b is divided by v?
0
Let g(u) be the first derivative of 5*u**4/2 + 2*u**3/3 - 4*u + 17. Calculate the remainder when g(2) is divided by 29.
26
Suppose -3 = -5*x + 7. Let b(g) = -59*g + 7157. Calculate the remainder when (-636)/(-9) + x/6 is divided by b(121).
17
Suppose -252 = -25*f + 21*f. Suppose -f = 13*m - 14*m. What is the remainder when m is divided by (1 - 6/3) + 17?
15
Suppose 39*o = 43*o. Suppose o = -5*f - 45 + 435. Calculate the remainder when f is divided by 33.
12
Let o(b) = -24*b**2 - 85*b + 1. Let w be o(-5). Let p = 200 + w. Calculate the remainder when 207 is divided by p.
25
Let c(r) = -r**3 - 9*r**2 + 18*r + 104. Calculate the remainder when 493 is divided by c(-10).
13
Suppose 0 = 96*z - 41*z - 43*z - 468. What is the remainder when 5770 is divided by z?
37
Suppose -103*f + 182 = -200*f + 104*f. Calculate the remainder when f is divided by 24.
2
Suppose -8 = 19*m - 46. Suppose 3*t = 2*v + 39, m*t + 3*t + 5*v - 90 = 0.